 third derivative of -f**5/60 + 3*f**4/8 - f**3/3 + 2*f**2. Let b be (27/(-12))/(6/(-16)). Calculate the remainder when h(b) is divided by 9.
7
Let y(s) = s**3 + 7*s**2 + 6*s - 4. Let v be y(-5). Let l = v - 4. Let f = 45 + -12. What is the remainder when f is divided by l?
9
Suppose 191 = -3*x - g, 3*g - 142 = 4*x - 2*x. Let s = x - -120. What is the remainder when s is divided by 28?
27
Calculate the remainder when (2 - (-262)/6)/(6/36) is divided by 25.
24
Suppose 61 + 95 = 4*z. Calculate the remainder when z is divided by 10.
9
Suppose 5*l + 107 + 188 = 0. Let j be (-3 - -12)/(-3) - l. Suppose 2*n - 3*d - 61 = -2*n, 4*n - 4*d - j = 0. Calculate the remainder when n is divided by 10.
9
Let x(h) = h**3 + 10*h**2 - 6*h + 7. Calculate the remainder when x(-10) is divided by 23.
21
Let w = 31 - 14. What is the remainder when w is divided by 6?
5
Suppose b + 0*b - 38 = -r, 5*r - b - 184 = 0. Calculate the remainder when r is divided by 19.
18
Suppose 2*r + 29 = 5*i + 158, 8 = 4*r. Let d = -10 - i. Calculate the remainder when 28 is divided by d.
13
Suppose 0 = 3*t + 2*m - 46 + 11, 2*t - 6 = 3*m. Let h(f) = -11*f - 7. Calculate the remainder when h(-3) is divided by t.
8
Suppose l = 2*l - 23. Calculate the remainder when 66 is divided by l.
20
Let n(m) = m**3 - 8*m**2 + 8*m - 8. Let d = 0 + 7. Let s be n(d). What is the remainder when 11 is divided by 2/5*(-15)/s?
5
Suppose 4*w - 5*w + 17 = 0. Calculate the remainder when 47 is divided by w.
13
Let h(y) = -y**2 - 6*y + 8. Let v(l) = -l**3 - 5*l**2 - 5*l - 1. Calculate the remainder when h(-6) is divided by v(-4).
2
Let h(c) = c**2 - 2*c - 6. Suppose 0 = r - z - 9, -z = 4*r + 2*z - 43. What is the remainder when h(-5) is divided by r?
9
Let l = 27 + -9. Calculate the remainder when 53 is divided by l.
17
Suppose 3*j - 3 = 4*f - 7, 0 = -4*f + 16. Suppose j = -5*v + 19. Calculate the remainder when v is divided by ((-1)/2)/(4/(-16)).
1
Let x = 5 - 0. Suppose o + 25 = -y - y, 0 = -2*y + 3*o - x. Let d = y - -27. Calculate the remainder when d is divided by 6.
5
Suppose 28 = 6*z - 2*z. Calculate the remainder when (-3)/6*26*-1 is divided by z.
6
Suppose 2*l - 9 = 9. Let s = 13 - 9. Let u = l - s. What is the remainder when 14 is divided by u?
4
Let g = -40 + 65. What is the remainder when 73 is divided by g?
23
Suppose x = -3*x - 32. Let o(c) = -c**2 - 7*c + 9. Let k be o(x). Calculate the remainder when 54 is divided by (-232)/(-12) + k/(-3).
16
Let g = -8 - -13. Let j be (-768)/20 - (-2)/g. Let c = j - -81. Calculate the remainder when c is divided by 15.
13
Let v be (-92)/10 - 1/(-5). Calculate the remainder when 17 is divided by ((-6)/v)/((-4)/(-54)).
8
Suppose 4 = -o - o. Let g(m) = m**2 - 3*m - 2. Calculate the remainder when (-23)/(2*o/8) is divided by g(6).
14
Let l(j) = j**2 - 2*j - 1. Let h be l(-1). Let c = -2 + h. Suppose 2*d - 4*d - 5*t + 43 = c, 2 = -2*d + 4*t. What is the remainder when 25 is divided by d?
7
Let p = 23 + -8. Suppose 13*t - p*t = -40. Calculate the remainder when 58 is divided by t.
18
Let b = 43 - 27. Let y = b + -6. What is the remainder when y - (0 + 1 - 2) is divided by 4?
3
Let q = 46 - 71. Let s = q + 44. What is the remainder when s is divided by 10?
9
Suppose 0 = -4*m + 2*r + 18, 25 = 5*m + 4*r - 6*r. Suppose 22 = m*f - 27. What is the remainder when 11 is divided by f?
4
Let r(n) = -n**2 + 16*n + 6. Suppose -2*z + 30 = 5*u, -4*z + 86 - 26 = -u. What is the remainder when z is divided by r(0)?
3
Let q = -19 - -25. Calculate the remainder when 11 is divided by q.
5
What is the remainder when 4/(-10) - (-1608)/20 is divided by 21?
17
Suppose -5*v + 10 = 0, 5*v = 4*j - 0 - 6. Calculate the remainder when 15 is divided by j.
3
What is the remainder when 85 is divided by (-9 + 67)*(-1)/(-2)?
27
Suppose -4 = -2*k + 2. Suppose 0 = h - w + 4, 4*w - 14 - 3 = 3*h. Suppose -k = -f + h. Calculate the remainder when f is divided by 3.
1
Let a = -9 - -14. Suppose a*c = -8 + 48. Calculate the remainder when c is divided by 5.
3
Suppose 2*w = 2*y + 4, -3*w - 14 = y + y. Suppose 0*b + 13 = b. Calculate the remainder when (-522)/(-14) - w/(-7) is divided by b.
11
Let i = -1 - -5. Let v(u) = u**3 - 4*u**2 + 2*u. What is the remainder when 14 is divided by v(i)?
6
Suppose 3*o - 126 = -4*o. Calculate the remainder when 0 - (2 + -1)*-52 is divided by o.
16
Let p(i) = 2*i**2 + i - 1. Let k be p(1). Calculate the remainder when 3/((-3)/(-2)) + k is divided by 3.
1
Suppose -3*q + 15 = -r + 3*r, 0 = q + r - 6. Let d be 12/(2 + -4)*q. Calculate the remainder when 18 is divided by ((-5)/3)/(3/d).
8
Suppose -x = 5*r - 22, -5*r = -4*x - x + 140. What is the remainder when x is divided by 15?
12
Let c = 3 - -1. Let b(r) = -r**3 - 5*r**2 - r - 2. Calculate the remainder when c is divided by b(-5).
1
Suppose 3*n + 18 + 11 = 5*w, -2*w - 2*n = -2. What is the remainder when 10*(-3 + w + 1) is divided by 7?
6
Let o(p) = p + 12. Let g(q) = -q + 14. What is the remainder when g(0) is divided by o(-4)?
6
Suppose -3*v + 12 + 18 = 0. Suppose 2*i = 31 + 25. What is the remainder when i is divided by v?
8
Calculate the remainder when 26 is divided by 2 + 6*2/4.
1
Calculate the remainder when ((-21)/(-5))/(1/15) is divided by 33.
30
Suppose 3*z + 2*w + 3*w = 100, 3*z - 3*w = 108. Suppose l = -3*c + 24, 0*l = 3*l + 2*c - 44. Calculate the remainder when z is divided by l.
11
Suppose 0 = 2*y - 0 - 4. Suppose -3*m - 5 = -2*v - 4*m, 2 = y*m. Calculate the remainder when 5 is divided by v.
1
Suppose 0 = 5*c + 15, -2*c = 3*a + 2*c + 27. Let z = a - -9. Suppose -z*f - 28 = -188. Calculate the remainder when f is divided by 14.
12
What is the remainder when (-2)/(3/351*-3) is divided by 8?
6
Let r(c) = 1 - 7*c**2 - 5 - c**3 + 3 - c. Calculate the remainder when 11 is divided by r(-7).
5
Let n(m) = 4*m + 2. Let a(b) = -12*b. Let i be a(-4). Calculate the remainder when n(5) is divided by ((-6)/4)/((-9)/i).
6
Suppose 0 = -5*s - 4*u + 47, 6*s - 5*u - 43 = 3*s. Let k(d) = 5*d**2 - 1. Let j = -1 - 0. Calculate the remainder when s is divided by k(j).
3
Let v(a) = 133*a - 1. Let o be v(1). Suppose 2*c - o = -2*c. Calculate the remainder when c is divided by 9.
6
Let y(z) = 6 - 6 + z + 2. What is the remainder when 1 is divided by y(-1)?
0
Calculate the remainder when 18 is divided by ((-70)/(-4))/7*2.
3
Suppose 3*a - 8*b = -5*b + 15, 3*b - 10 = -2*a. What is the remainder when 17 is divided by a?
2
Let s(n) = n**2 + 5*n - 21. Calculate the remainder when 102 is divided by s(-9).
12
What is the remainder when 27 is divided by 65/(-25) - -2 - 66/(-10)?
3
Let c be (3/(-3) + -3)/(-2). Suppose 28 = -c*q + 6*q. What is the remainder when 78/4 + (-3)/6 is divided by q?
5
Suppose 0 = -4*b - 1 + 13. Calculate the remainder when ((-2)/4)/(1/(-10)) is divided by b.
2
Let u = 3 - -10. Calculate the remainder when u is divided by 6.
1
Let r(o) = o**3 - 5*o**2 - 10*o + 34. What is the remainder when r(7) is divided by 32?
30
Let j(r) = -2*r + 14*r - 1 - r. Calculate the remainder when j(2) is divided by 8.
5
Let u = -25 - -44. Suppose 3*h = -3*a + 7*a - 31, h - 13 = -a. What is the remainder when u is divided by a?
9
Let s = 6 - 4. Suppose -j = -s*u + 3, -4*u = -2*j + 7*j - 27. Let w = -14 - -22. Calculate the remainder when w is divided by j.
2
Let h(a) = a**2 - 3*a + 20. Calculate the remainder when h(0) is divided by 9.
2
Let p = -2 - -37. Calculate the remainder when p is divided by 9.
8
Let f = -2 + 22. What is the remainder when f is divided by 6?
2
What is the remainder when 142 is divided by 54*3*(-10)/(-45)?
34
Let l(z) = 52*z + 2. Let k(v) = v + 1. Let p(n) = 3*k(n) - l(n). Let u be p(1). Calculate the remainder when (-1 - 0)/(4/u) is divided by 7.
5
Suppose 6 = 8*j - 3*j - d, j - 6 = 5*d. Let w = j - 6. Let r(y) = y**3 + 4*y**2 - 5*y + 6. What is the remainder when 17 is divided by r(w)?
5
Let r(m) = 5*m - 32. Calculate the remainder when 105 is divided by r(10).
15
Let s = -2 + 8. Let c(o) = o + 10. What is the remainder when c(s) is divided by 1 + (5 - (-1 + 1))?
4
Let a = -138 - -206. What is the remainder when 201 is divided by a?
65
Let l be -75*(-2 + (-8)/(-5)). Suppose -4*t = 2*h - l, -2*h + 4*t = 6*t - 24. Let f = h + 10. What is the remainder when f is divided by 10?
9
Suppose 5*n - 3*o - 194 = 0, -2*n - 2*n 